be (-44)/(-12) - (-2)/(-3). Let m be (2 - (f - 0))*5. Let p(u) = -u + 1. Calculate p(m).
6
Let r(t) = t**2 - t + 1. Let q(p) = 5*p**2 - p + 12. Let h(c) = -q(c) + 2*r(c). Let l(k) be the first derivative of h(k). Give l(-1).
5
Let j(k) = -6*k + 6*k + 10 - 5*k - 4*k + k**2. Determine j(7).
-4
Let t(m) = -m**2 - m + 5. Let z(f) = -f**2 - 8*f - 7. Let h be z(-7). Calculate t(h).
5
Let r(o) be the second derivative of o**4/12 + o**3/6 - 5*o. Let q(j) = -j**3 - j**2 + 4*j - 2. Let a(h) = q(h) - 4*r(h). Determine a(-5).
-2
Let d(r) = r**3 - 6*r**2 + 4*r - 5. Let m be d(6). Suppose -14 = -x - 5*o, -m = -x + 5*x - 5*o. Let p(q) = -6*q + q + 4*q. Determine p(x).
1
Let l(k) = k**3 - 4*k**2 - 6*k + 3. Let o be 3/3 - 1*-4. Calculate l(o).
-2
Let u(c) = -2*c**2 - 9*c + 6. Let a(m) = m**2 + m. Suppose 0 = 3*s - 1 - 8. Let k(y) = s*a(y) + u(y). Determine k(4).
-2
Let u(y) = -y**3 - 3*y**2 + 3*y + 6. Let z be u(-4). Suppose 30 - z = 5*q. Let c(m) = -m**2 + 3*m + 1. What is c(q)?
-3
Suppose 0 = 2*i - 2*r - 10, -3*r - 9 = -4*i + 10. Let w(d) = 4*d + d + 6 - i*d. Calculate w(5).
11
Let b(j) = j - 11. Let u be b(6). Let a(v) be the second derivative of -v**3/6 - v**2 - 2*v. What is a(u)?
3
Suppose 5*n - 3*v = -14, v = 4*n + 2*v + 1. Let h(y) = 2*y - 3*y + 17*y + 1. Determine h(n).
-15
Let i(w) = 5 + 2*w**3 + 2*w - 7*w**2 - 4*w**3 - w + w**3. Determine i(-7).
-2
Let b(x) = -3*x**3 - 2*x**3 + x**3 + 2 + 6*x - 3*x**2 + 3*x**3. Give b(-4).
-6
Let j(f) = -f**3 + f**2 + 1. Let o(n) = 2*n**3 - 4*n**2 - 2. Let x(d) = -3*j(d) - o(d). Determine x(1).
1
Let j(i) be the second derivative of 7*i**3/6 - i**2/2 + 2*i. Let a(c) = -15*c + 2. Let h(d) = 3*a(d) + 5*j(d). Calculate h(1).
-9
Let x(b) = -2*b**3 - 19*b + 7*b**2 - 8 + 3*b**3 + 17*b. What is x(-7)?
6
Let h(p) be the third derivative of p**5/120 - p**4/8 - 2*p**3/3 + 6*p**2. Let b(u) be the first derivative of h(u). What is b(0)?
-3
Suppose -2*n = -12 + 20. Let c(s) = -s**2 + 1. What is c(n)?
-15
Let y = 16 + -10. Let a(l) = y*l - 5*l**2 - 3*l - 2 + 6*l**2. Calculate a(-3).
-2
Let f(q) = -q**2 + 2*q**2 + 3*q**2 - 2*q - q**3 + 1. What is f(3)?
4
Let w(v) be the first derivative of -v**2 + 6*v - 10. What is w(4)?
-2
Let l(j) be the third derivative of j**8/20160 + j**7/840 - j**6/180 - j**5/20 + 2*j**2. Let x(s) be the third derivative of l(s). What is x(-5)?
-9
Let s(c) be the second derivative of c**3/2 + c. Let x(t) = -t**2 - t - 9. Let y be x(0). Let a(b) = -b**2 - 9*b - 3. Let i be a(y). What is s(i)?
-9
Let f(l) = -17*l + 9. Let u(k) = -4*k + 2. Let i(x) = 6*f(x) - 26*u(x). Let a = 15 + -19. Give i(a).
-6
Let q(v) be the third derivative of -1/8*v**4 + v**2 + 0 + 0*v**3 + 0*v. Give q(1).
-3
Let a(c) be the first derivative of c**3/3 + 5*c**2/2 + 3*c + 33. Determine a(-3).
-3
Let u(a) = -17*a**3 + 11*a + 2. Let f(y) = -8*y**3 + 5*y + 1. Let k(r) = 7*f(r) - 3*u(r). What is k(-1)?
4
Let o(s) = s**2 - 11*s + 2. Let x(n) = -n**3 + 10*n**2 + 25*n - 1. Let h be x(12). Give o(h).
2
Let d(i) = -i**2 + 3*i + 3. Let z be d(4). Let r(u) = -1. Let x = -2 + 1. Let c(g) = -3*g + 6. Let a(h) = x*c(h) - 5*r(h). What is a(z)?
-4
Suppose 10 = 2*x + r, -5*x + 28 = r + 6. Suppose -x*h - 4*s + 37 = 13, -h + 3*s - 6 = 0. Let w(i) = i. Give w(h).
3
Let g(x) = -6*x - 1 + 7*x + 0. Calculate g(-5).
-6
Let o(l) = l + 11 + 5*l + l**3 - 10*l**2 - 3*l**2 + 4*l**2. Give o(8).
-5
Let f(z) be the first derivative of -7*z**4/6 - z**3/6 - z**2/2 - 6*z - 1. Let o(t) be the first derivative of f(t). Give o(-1).
-14
Let b(c) = 7*c**3 + 11*c**2 - 13*c - 15. Let l(m) = 20*m**3 + 32*m**2 - 38*m - 44. Let o(p) = 17*b(p) - 6*l(p). Calculate o(-6).
3
Let s(q) = q**3 - q + 1. Let t(h) = 5*h**3 + h - 3. Let d(n) = 2*s(n) + t(n). Let f be 125/(-35) + 6/(-14). Let m be f - (-2)/((-8)/(-12)). Calculate d(m).
-7
Let i(d) be the third derivative of d**5/60 + d**4/24 - 5*d**3/6 - d**2. Suppose -7*y + 7*y = -8*y. What is i(y)?
-5
Suppose 4*r = -0*r - 4*k - 28, -k - 9 = 2*r. Let l(f) = -7*f - 3. Determine l(r).
11
Suppose 0*i - i = 0, -c + i = -3. Let b(f) be the first derivative of 2*f**3/3 - 2*f**2 + f + 1. Calculate b(c).
7
Let i(k) be the second derivative of 0 + 1/20*k**5 + 9*k + 1/2*k**3 - 5/12*k**4 + 0*k**2. Give i(3).
-9
Let t(j) be the first derivative of j**2/2 - 11*j + 4. Calculate t(6).
-5
Let n(d) = -10*d + 10 + 12*d - 4. What is n(-6)?
-6
Suppose -15*i - 8 = -11*i. Let k(l) = 3*l**2 + 3*l. Calculate k(i).
6
Suppose 4*x + 17 + 3 = 0. Let a = -1 - 0. Let w(f) = f - 1. Let u(k) = 4*k - 8. Let m(j) = a*u(j) + 3*w(j). Determine m(x).
10
Let f(g) = g**2 + 4. Let a be f(0). Suppose -9 = a*w - w. Let k be 15*w/(-27)*3. Let v(n) = -n**3 + 6*n**2 - 6*n + 7. What is v(k)?
2
Suppose -2 = -2*c - 0*c. Let n(r) be the first derivative of -5*r - 4/3*r**3 + 1/4*r**4 + 0*r**2 + c. Determine n(4).
-5
Suppose 5*y + 28 = -17. Let s = 6 + y. Let i(o) be the second derivative of o**5/20 + o**4/3 - 3*o**2/2 - o. Calculate i(s).
6
Let w(q) be the second derivative of -q**3/6 + 3*q**2/2 - q. Let o be w(-3). Let v(d) = -d**3 + 7*d**2 - 7*d + 8. What is v(o)?
2
Let s(n) = -4*n - 11. Let q(t) = -t - 1. Let y(m) = 5*q(m) - s(m). Let c be 0/(2*(-2)/(-4)). Determine y(c).
6
Let y(r) = -r**3 + 6*r**2 + 5*r - 4. Let x(m) = -m**3 + 8*m**2 + 6*m - 5. Let g(q) = -6*x(q) + 7*y(q). Calculate g(-4).
-26
Let y = -12 - -8. Let z(v) = 5*v + 2 + 1 - 2. Let r(h) = -4*h. Let g(n) = 6*r(n) + 5*z(n). Give g(y).
1
Let n(z) = -z**3 - 3*z**2 + z - 1. Let c(d) = -d + 15. Let q be c(18). Calculate n(q).
-4
Let n be (-18)/(-4)*(-6)/(-9). Let j be 17/n - (-4)/12. Let l(b) = b**2 - 6*b + 4. Determine l(j).
4
Suppose 0 = 5*j - 5 - 20. Suppose 4*n - 3*c - 3 = 0, -j*n + 4*n = 2*c + 2. Let t(u) be the third derivative of -u**5/60 + u**3/3 + u**2. Give t(n).
2
Let v(h) = -h + 1. Let m(t) = t + 3. Let x be m(0). Suppose -x*i + 3 = -0*i. Calculate v(i).
0
Suppose 0 = -0*k - 4*k - 2*q + 22, -4*q = -20. Suppose -g + 4 = 3. Let f(z) = 0*z - z + g + 2*z. Calculate f(k).
4
Let f = -2 + 3. Let w(i) = -i**2 - i + 1. Let p(u) = -3*u**2 - 4*u + 4. Let j(q) = 2*p(q) - 7*w(q). Determine j(f).
1
Let o(q) = q**3 + 8*q**2 - 8*q + 11. Let r be o(-9). Let m(b) = b - 5*b + b**2 + b**3 + b**r - 6*b**2 - 4. Determine m(5).
1
Let c(x) be the third derivative of x**4/24 + x**3/3 + x**2. Let z = 20 + -26. Let w be 4*(z/(-2) + -2). Calculate c(w).
6
Let h(y) = y**3 + 17*y**2 + 14*y - 22. Let c be h(-16). Let b(v) = v - 10. Calculate b(c).
0
Let x(q) = q**3 - 3*q - 3. Let p(g) = -g + 6. Let r be p(0). Suppose -2*u = -r*u + 8. Suppose 0 = -u*m - 6 + 2. Determine x(m).
-5
Let v be 8 - (-4)/4*-1. Let b(u) = 10*u - 4. Let z(h) = 7*h - 3. Let k(i) = v*z(i) - 5*b(i). What is k(1)?
-2
Let q be (-14)/5 + ((-72)/10 - -7). Let o(l) = -l**2 + 4. Give o(q).
-5
Let j(o) be the first derivative of -o**4/4 - o**3 - 3*o**2/2 - 4. Let t be j(-2). Let f(r) = -3*r. Give f(t).
-6
Suppose -5 = -2*p + p. Suppose 0 = 3*m - 4*g + 68, -p*m + 5*g = 2*g + 106. Let v be (16/m)/((-4)/10). Let n(d) = -d**3 + 2*d + 1. Give n(v).
-3
Let i be 120/16*(-2)/3. Let h(l) = -4*l - 13. Let a(u) = 5*u + 14. Let x(s) = 3*a(s) + 4*h(s). What is x(i)?
-5
Let l(n) = 2*n**2 + 3*n + 3. Let u be (-10)/(-15) + 10/(-6). Let i = u - -7. Suppose 0 = -3*f, -3*p - 2*f = f + i. What is l(p)?
5
Let l(u) = -u**3 + 5*u**2 + u - 3. Suppose -i + 5 = -0*i. Determine l(i).
2
Suppose 0 = -c - c + 4. Let z(a) be the second derivative of 0 + 1/3*a**3 - 1/2*a**c + 2*a. Give z(5).
9
Let z(l) be the second derivative of -l**3/6 + 4*l**2 + 3*l. Let t be (0 - -1)/(6/30). Determine z(t).
3
Let t(c) = -26*c**2 - 1. Let g(f) = 2*f + 5. Let i be g(-3). Calculate t(i).
-27
Let d(l) be the second derivative of l**4/12 - l**3 - 2*l**2 - 9*l. Determine d(5).
-9
Suppose 18 = -4*f + 3*t, -4*f - 5*t - 26 = -4*t. Let x(c) = -c**3 - 6*c**2 + c + 6. Give x(f).
0
Let h(l) = l**2 - l - 2. Let c(y) = -6*y - 1. Let a be c(-1). Let z = -2 + a. Give h(z).
4
Let p be 55/10 - (-1)/(-2). Let z(n) = -12*n**3 - 5*n**2 + 2*n - 2. Let x(r) = 6*r**3 + 2*r**2 - r + 1. Let w(l) = p*x(l) + 2*z(l). Determine w(1).
6
Let q(v) be the first derivative of 0*v + 1/2*v**4 + 1 + 1/3*v**3 - 1/2*v**2. Let y = 0 - -1. Give q(y).
2
Let d(f) = -f**2 + 5*f - 3. Suppose 0 = 4*g - 2*g - 18. Suppose -g - 21 = -5*n. Determine d(n).
-9
Suppose 4*y - 45 = -